 37 a factor of 9605335?
False
Does 17 divide 15971432?
True
Is 24 a factor of 10817376?
True
Does 8 divide 17811675?
False
Does 5 divide 357089237?
False
Does 32 divide 26340064?
True
Is 672477586 a multiple of 40?
False
Is 731 a factor of 1290322806?
False
Is 13 a factor of 99099651?
False
Is 29 a factor of 216500654?
False
Is 2857298095 a multiple of 62?
False
Is 2446 a factor of 1384673262?
True
Is 813 a factor of 1296504108?
True
Is 701512608 a multiple of 4812?
True
Is 103486368 a multiple of 96?
True
Does 89 divide 6229807?
False
Does 22 divide 2085710?
True
Does 765 divide 37326742?
False
Does 280 divide 1571920?
True
Is 27 a factor of 4016274?
False
Is 9 a factor of 32041179?
True
Is 635 a factor of 2928581830?
False
Is 28775440 a multiple of 656?
True
Is 716367380 a multiple of 2202?
False
Is 2 a factor of 175635530?
True
Is 48 a factor of 1984943335?
False
Is 8777160 a multiple of 1161?
True
Is 17476083 a multiple of 14?
False
Is 3 a factor of 15891763?
False
Is 6096577 a multiple of 3?
False
Is 14 a factor of 24677044?
True
Does 54 divide 46382976?
True
Is 136454119 a multiple of 15?
False
Is 1621 a factor of 30387266?
True
Is 6132 a factor of 929329128?
True
Is 16 a factor of 4634410?
False
Does 7 divide 377900496?
False
Does 331 divide 14994962?
True
Is 272412 a multiple of 36?
True
Does 843 divide 404352531?
False
Is 307747566 a multiple of 2142?
True
Does 1514 divide 46102814?
True
Is 547666852 a multiple of 6?
False
Is 2414208 a multiple of 4?
True
Does 15 divide 244760975?
False
Is 259 a factor of 27235147?
False
Is 8586335 a multiple of 3?
False
Is 318950526 a multiple of 25?
False
Is 30289382 a multiple of 1536?
False
Does 80 divide 76562560?
True
Is 18 a factor of 214165962?
True
Is 52 a factor of 13593624?
False
Does 97 divide 2102691700?
False
Is 39 a factor of 940290?
True
Is 815 a factor of 2470274780?
True
Is 1278367652 a multiple of 29?
False
Is 43 a factor of 1228719051?
False
Does 11 divide 2542941962?
True
Is 21358368 a multiple of 39?
False
Is 19826736 a multiple of 46?
True
Does 3 divide 377099637?
True
Is 4411172 a multiple of 21?
False
Is 625 a factor of 147150625?
True
Is 238469451 a multiple of 1177?
False
Is 49 a factor of 1944651142?
True
Is 163 a factor of 786943462?
True
Does 320 divide 1767325120?
True
Does 368 divide 513155024?
True
Is 159048 a multiple of 18?
True
Is 2409 a factor of 294902553?
True
Is 11139318 a multiple of 531?
True
Is 1249 a factor of 4116118?
False
Is 7 a factor of 3239239?
False
Is 17 a factor of 75776615?
False
Is 747 a factor of 201035660?
False
Is 60079980 a multiple of 704?
False
Is 21 a factor of 35518056?
True
Is 1099 a factor of 99674714?
False
Does 1008 divide 186651360?
True
Does 16 divide 50447945?
False
Is 65 a factor of 1340741?
False
Is 2 a factor of 19474297?
False
Does 18 divide 400467618?
True
Does 462 divide 3067121442?
True
Does 109 divide 14803835?
True
Is 7562294 a multiple of 824?
False
Is 5 a factor of 8512685?
True
Is 23826916 a multiple of 409?
False
Does 580 divide 86511060?
True
Does 55 divide 233200512?
False
Is 496674753 a multiple of 20?
False
Does 7 divide 9737634?
False
Does 52 divide 1056820154?
False
Is 117093219 a multiple of 501?
True
Is 19 a factor of 4221474849?
False
Is 869 a factor of 2583537?
True
Is 529 a factor of 332297745?
False
Is 36 a factor of 379479042?
False
Is 14 a factor of 2140101936?
True
Is 26 a factor of 124928815?
False
Is 45755688 a multiple of 3156?
True
Is 263 a factor of 439253395?
True
Is 8 a factor of 243534478?
False
Does 21 divide 3191944175?
False
Is 68231907 a multiple of 19?
True
Is 514 a factor of 28216385?
False
Is 30 a factor of 156853500?
True
Is 14741809 a multiple of 2460?
False
Is 58223802 a multiple of 408?
False
Is 2873 a factor of 1085091878?
True
Does 26 divide 3061020103?
False
Does 5761 divide 2037861574?
True
Does 6 divide 29592900?
True
Is 396496736 a multiple of 1082?
True
Is 113807039 a multiple of 254?
False
Does 84 divide 609520716?
True
Is 925 a factor of 30841435?
False
Is 77 a factor of 21572859?
True
Is 12 a factor of 670807055?
False
Is 77 a factor of 42602252?
True
Is 43465680 a multiple of 17?
False
Does 10 divide 41653312?
False
Does 870 divide 7243409?
False
Does 245 divide 1542729543?
False
Is 27394382 a multiple of 12?
False
Does 54 divide 1955793384?
True
Is 707 a factor of 5243481?
False
Is 280 a factor of 21776600?
False
Is 106 a factor of 27154402?
False
Is 230516736 a multiple of 6?
True
Does 198 divide 790947113?
False
Is 70 a factor of 779872731?
False
Is 100 a factor of 14729300?
True
Is 11 a factor of 3728817191?
True
Is 2642560843 a multiple of 3002?
False
Is 19 a factor of 144814101?
False
Is 83 a factor of 30534419?
False
Is 54256274 a multiple of 82?
False
Is 13001908 a multiple of 6?
False
Is 214 a factor of 203631914?
True
Does 1061 divide 1462633062?
True
Does 34 divide 7223028?
True
Is 39 a factor of 1362959715?
True
Is 131 a factor of 20310800?
False
Does 159 divide 13829593?
False
Does 34 divide 1659668180?
True
Is 958546901 a multiple of 4119?
False
Does 198 divide 823548816?
False
Is 20816213 even?
False
Is 352589860 a multiple of 2380?
True
Does 33 divide 254391535?
False
Does 119 divide 1573600080?
False
Does 16 divide 80435136?
True
Is 238154490 a multiple of 21?
True
Is 114619469 a multiple of 10?
False
Is 586 a factor of 46939772?
True
Does 992 divide 14743753?
False
Is 31955144 a multiple of 26?
True
Is 520578461 a multiple of 923?
True
Does 38 divide 724141781?
False
Is 191085390 a multiple of 2203?
False
Does 70 divide 982594620?
True
Does 705 divide 29989290?
True
Is 263595658 a multiple of 202?
True
Does 88 divide 15871226?
False
Is 174499480 a multiple of 1299?
False
Does 74 divide 39567102?
False
Is 519 a factor of 14896478?
False
Is 8724267 a multiple of 91?
False
Is 27262228 a multiple of 28?
True
Is 1401918246 a multiple of 64?
False
Is 428598944 a multiple of 32?
True
Is 68 a factor of 293181932?
True
Is 923 a factor of 48477806?
True
Is 14580451 a multiple of 126?
False
Is 113 a factor of 21544525?
False
Is 939 a factor of 242331675?
False
Is 59572854 a multiple of 54?
True
Is 55656087 a multiple of 14?
False
Does 76 divide 3754027465?
False
Is 580 a factor of 11241447?
False
Does 847 divide 948302047?
True
Is 45559179 a multiple of 179?
False
Is 51 a factor of 68497368?
False
Is 18 a factor of 31184056?
False
Does 30 divide 440737740?
True
Is 882 a factor of 149452369?
False
Is 204 a factor of 814780633?
False
Is 172 a factor of 6856436?
True
Does 9 divide 68586615?
True
Is 1922 a factor of 449136585?
False
Does 25 divide 465787750?
True
Is 2 a factor of 3309733?
False
Is 329328921 a multiple of 56?
False
Is 26 a factor of 68030040?
True
Does 116 divide 123858213?
False
Is 11689130 a multiple of 336?
False
Is 651 a factor of 47088783?
True
Is 42883744 a multiple of 3064?
True
Does 43 divide 8286119?
False
Is 19278216 a multiple of 1341?
True
Does 1784 divide 111235968?
True
Is 623252929 a multiple of 263?
True
Is 21291300 a multiple of 1476?
True
Does 194 divide 1864670850?
False
Is 1595 a factor of 25981120?
False
Is 26248749 a multiple of 94?
False
Does 135 divide 43730550?
True
Is 12672 a factor of 2116725309?
False
Is 651895072 a multiple of 226?
False
Is 115 a factor of 518034060?
True
Does 56 divide 191869440?
True
Does 3 divide 21847077?
True
Is 1445532906 a multiple of 1437?
True
Is 65099979 a multiple of 3433?
True
Is 68589544 a multiple of 76?
True
Does 2688 divide 368894348?
False
Does 46 divide 144117126?
True
Is 16 a factor of 543179665?
False
Is 375094650 a multiple of 1391?
False
Does 35 divide 19812835?
True
Is 86124927 a multiple of 223?
False
Does 888 divide 63096064?
False
Is 49838458 a multiple of 34?
True
Is 20935950 a multiple of 2198?
True
Is 607371 a multiple of 409?
False
Is 4682784 a multiple of 80?
False
Does 7 divide 867520815?
True
Is 31516870 a multiple of 242?
True
Does 51 divide 636127896?
True
Is 340098144 a multiple of 996?
True
Is 9 a factor of 44676648?
True
Is 10591737 a multiple of 3?
True
Is 148788980 a multiple of 20?
True
Is 402 a factor of 145076976?
True
Is 35433718 a multiple of 5366?
False
Is 188314867 a multiple of 1573?
False
Is 253 a factor of 19747156?
True
Does 1791 divide 435119868?
True
Is 